8?
2, 412277
What are the prime factors of 14570470?
2, 5, 29, 47, 1069
What are the prime factors of 8941244?
2, 13, 171947
What are the prime factors of 42902?
2, 19, 1129
List the prime factors of 203584.
2, 3181
List the prime factors of 4400.
2, 5, 11
What are the prime factors of 24849?
3, 11, 251
List the prime factors of 6459533.
6459533
List the prime factors of 1150918.
2, 73, 7883
List the prime factors of 199368.
2, 3, 13, 71
What are the prime factors of 8394954?
2, 3, 23, 127, 479
What are the prime factors of 1521402?
2, 3, 253567
What are the prime factors of 458858?
2, 313, 733
What are the prime factors of 361990?
2, 5, 53, 683
List the prime factors of 16564323.
3, 31, 277, 643
What are the prime factors of 31475?
5, 1259
What are the prime factors of 17744361?
3, 5914787
List the prime factors of 1219853.
37, 32969
What are the prime factors of 10889356?
2, 19, 143281
List the prime factors of 72016.
2, 7, 643
What are the prime factors of 5601301?
197, 28433
List the prime factors of 29630376.
2, 3, 197, 2089
List the prime factors of 682561.
11, 5641
List the prime factors of 17748418.
2, 163, 54443
What are the prime factors of 1275463?
7, 182209
What are the prime factors of 18188418?
2, 3, 3031403
List the prime factors of 459137.
7, 107, 613
What are the prime factors of 1766501?
11, 160591
What are the prime factors of 649415?
5, 13, 97, 103
What are the prime factors of 268157?
23, 89, 131
What are the prime factors of 953376?
2, 3, 9931
List the prime factors of 99707.
99707
List the prime factors of 2162355.
3, 5, 13, 853
What are the prime factors of 4273251?
3, 1424417
List the prime factors of 1988414.
2, 29, 34283
What are the prime factors of 594222?
2, 3, 97, 1021
List the prime factors of 73138.
2, 13, 29, 97
What are the prime factors of 294792?
2, 3, 71, 173
List the prime factors of 3808286.
2, 1904143
List the prime factors of 289968.
2, 3, 7, 863
What are the prime factors of 16763448?
2, 3, 13, 4133
What are the prime factors of 3804335?
5, 641, 1187
List the prime factors of 1967543.
1967543
List the prime factors of 2028409.
367, 5527
What are the prime factors of 6167026?
2, 3083513
What are the prime factors of 762708?
2, 3, 63559
What are the prime factors of 444834?
2, 3, 13, 1901
What are the prime factors of 229751?
229751
List the prime factors of 779066.
2, 389533
What are the prime factors of 3110757?
3, 13, 31, 83
What are the prime factors of 6039333?
3, 223679
What are the prime factors of 105556?
2, 11, 2399
List the prime factors of 597011.
23, 101, 257
What are the prime factors of 4422978?
2, 3, 7, 11701
What are the prime factors of 170498?
2, 163, 523
What are the prime factors of 581397?
3, 193799
List the prime factors of 93518.
2, 19, 23, 107
List the prime factors of 168244.
2, 42061
What are the prime factors of 9101314?
2, 4550657
List the prime factors of 2550611.
7, 364373
What are the prime factors of 68052?
2, 3, 53, 107
List the prime factors of 4024998.
2, 3, 19, 3923
What are the prime factors of 3621181?
3621181
What are the prime factors of 37527571?
67, 560113
List the prime factors of 3751647.
3, 241, 5189
List the prime factors of 57553.
67, 859
What are the prime factors of 1289919?
3, 429973
List the prime factors of 5330746.
2, 2665373
List the prime factors of 55476.
2, 3, 23, 67
What are the prime factors of 5880?
2, 3, 5, 7
List the prime factors of 1421360.
2, 5, 109, 163
List the prime factors of 3206351.
593, 5407
What are the prime factors of 2905283?
17, 170899
What are the prime factors of 291081?
3, 7, 83, 167
List the prime factors of 16129518.
2, 3, 19, 151, 937
What are the prime factors of 1934440?
2, 5, 137, 353
List the prime factors of 91784.
2, 7, 11, 149
What are the prime factors of 467478?
2, 3, 11, 787
List the prime factors of 1088456.
2, 136057
What are the prime factors of 54844?
2, 13711
List the prime factors of 291488.
2, 9109
What are the prime factors of 862644?
2, 3, 71887
List the prime factors of 469360.
2, 5, 5867
What are the prime factors of 305172?
2, 3, 7, 173
What are the prime factors of 3066628?
2, 179, 4283
What are the prime factors of 674308?
2, 29, 5813
What are the prime factors of 1164227?
101, 11527
What are the prime factors of 19166957?
19166957
What are the prime factors of 1144687?
23, 157, 317
What are the prime factors of 1396541?
1396541
List the prime factors of 55564.
2, 29, 479
What are the prime factors of 1621371?
3, 107, 5051
What are the prime factors of 23611019?
23611019
What are the prime factors of 658618?
2, 329309
List the prime factors of 35595.
3, 5, 7, 113
List the prime factors of 3889615.
5, 881, 883
List the prime factors of 9708907.
13, 746839
What are the prime factors of 5588277?
3, 31, 60089
What are the prime factors of 16100?
2, 5, 7, 23
List the prime factors of 93461.
19, 4919
What are the prime factors of 3913061?
3913061
What are the prime factors of 12185748?
2, 3, 112831
What are the prime factors of 14584036?
2, 3646009
List the prime factors of 70236.
2, 3, 1951
What are the prime factors of 10041286?
2, 5020643
What are the prime factors of 1603162?
2, 11, 72871
List the prime factors of 92334.
2, 3, 11, 1399
List the prime factors of 11632652.
2, 37, 53, 1483
List the prime factors of 128504.
2, 16063
List the prime factors of 224898.
2, 3, 37483
What are the prime factors of 972?
2, 3
List the prime factors of 28675498.
2, 17, 843397
List the prime factors of 72805.
5, 14561
List the prime factors of 6060702.
2, 3, 41, 71, 347
What are the prime factors of 428103?
3, 13, 3659
List the prime factors of 152589.
3, 19, 2677
What are the prime factors of 488006?
2, 244003
What are the prime factors of 9658366?
2, 4829183
List the prime factors of 1903088.
2, 11, 983
What are the prime factors of 4934829?
3, 1644943
List the prime factors of 5916159.
3, 73039
List the prime factors of 2132476.
2, 67, 73, 109
List the prime factors of 2073900.
2, 3, 5, 31, 223
List the prime factors of 973020.
2, 3, 5, 16217
What are the prime factors of 10738164?
2, 3, 113, 7919
What are the prime factors of 352606?
2, 176303
List the prime factors of 2131484.
2, 233, 2287
List the prime factors of 136413.
3, 23, 659
What are the prime factors of 2251574?
2, 13, 86599
List the prime factors of 2076388.
2, 519097
What are the prime factors of 197494?
2, 11, 47, 191
List the prime factors of 1996511.
11, 181501
List the prime factors of 16953036.
2, 3, 1412753
List the prime factors of 6588173.
6588173
List the prime factors of 17280109.
7, 11, 17, 43, 307
List the prime factors of 76224.
2, 3, 397
List the prime factors of 14758.
2, 47, 157
List the prime factors of 533565.
3, 5, 71, 167
What are the prime factors of 137297?
251, 547
List the prime factors of 2874836.
2, 17, 67, 631
What are the prime factors of 574932?
2, 3, 47911
List the prime factors of 50915.
5, 17, 599
What are the prime factors of 5000139?
3, 131, 4241
List the prime factors of 339752.
2, 7, 6067
What are the prime factors of 913419?
3, 13, 37, 211
List the prime factors of 6069634.
2, 419, 7243
List the prime factors of 1901978.
2, 13, 191, 383
What are the prime factors of 23649685?
5, 4729937
What are the prime factors of 7121455?
5, 11, 79, 149
List the prime factors of 233594.
2, 116797
List the prime factors of 230321.
7, 13, 2531
What are the prime factors of 7563433?
7563433
List the prime factors of 1197803.
17, 70459
What are the prime factors of 2140016?
2, 131, 1021
List the prime factors of 318194.
2, 159097
What are the prime factors of 472137?
3, 337, 467
List the prime factors of 2800315.
5, 7, 19, 4211
What are the prime factors of 18574?
2, 37, 251
What are the prime factors of 7671532?
2, 11, 79, 2207
List the prime factors of 143471.
53, 2707
What are the prime factors of 218328?
2, 3, 11, 827
List the prime factors of 373727.
23, 16249
List the prime factors of 292658.
2, 41, 43, 83
What are the prime factors of 37765346?
2, 41, 47, 239
List the prime factors of 1087303.
7, 17, 9137
What are the prime factors of 1365558?
2, 3, 227593
List the prime factors of 62719.
19, 3301
What are the prime factors of 206611?
307, 673
List the prime factors of 8208028.
2, 163, 12589
List the prime factors of 